{"id":3081,"date":"2020-09-14T17:02:38","date_gmt":"2020-09-14T15:02:38","guid":{"rendered":"https:\/\/www.stageproduction.pl\/wp-content\/uploads\/2020\/09\/Zgoda-dla-os\u00f3b-niepe\u0142noletnich.pdf"},"modified":"2020-09-14T17:02:38","modified_gmt":"2020-09-14T15:02:38","slug":"zgoda-dla-osob-niepelnoletnich-2","status":"inherit","type":"attachment","link":"https:\/\/www.stageproduction.pl\/en\/zgoda-dla-osob-niepelnoletnich-2","title":{"rendered":"Zgoda dla os\u00f3b niepe\u0142noletnich"},"author":2,"featured_media":0,"comment_status":"closed","ping_status":"closed","template":"","meta":[],"class_list":["post-3081","attachment","type-attachment","status-inherit","hentry"],"aioseo_notices":[],"description":{"rendered":"<p class=\"attachment\"><a href='https:\/\/www.stageproduction.pl\/wp-content\/uploads\/2020\/09\/Zgoda-dla-os\u00f3b-niepe\u0142noletnich.pdf'><img loading=\"lazy\" decoding=\"async\" width=\"452\" height=\"640\" src=\"https:\/\/www.stageproduction.pl\/wp-content\/uploads\/2020\/09\/Zgoda-dla-os\u00f3b-niepe\u0142noletnich-pdf-452x640.jpg\" class=\"attachment-medium size-medium\" alt=\"\" \/><\/a><\/p>\n"},"caption":{"rendered":""},"alt_text":"","media_type":"file","mime_type":"application\/pdf","media_details":{"sizes":{"thumbnail":{"file":"Zgoda-dla-os\u00f3b-niepe\u0142noletnich-pdf-283x400.jpg","width":283,"height":400,"mime_type":"image\/jpeg","source_url":"https:\/\/www.stageproduction.pl\/wp-content\/uploads\/2020\/09\/Zgoda-dla-os\u00f3b-niepe\u0142noletnich-pdf-283x400.jpg"},"medium":{"file":"Zgoda-dla-os\u00f3b-niepe\u0142noletnich-pdf-452x640.jpg","width":452,"height":640,"mime_type":"image\/jpeg","source_url":"https:\/\/www.stageproduction.pl\/wp-content\/uploads\/2020\/09\/Zgoda-dla-os\u00f3b-niepe\u0142noletnich-pdf-452x640.jpg"},"large":{"file":"Zgoda-dla-os\u00f3b-niepe\u0142noletnich-pdf-678x960.jpg","width":678,"height":960,"mime_type":"image\/jpeg","source_url":"https:\/\/www.stageproduction.pl\/wp-content\/uploads\/2020\/09\/Zgoda-dla-os\u00f3b-niepe\u0142noletnich-pdf-678x960.jpg"},"full":{"file":"Zgoda-dla-os\u00f3b-niepe\u0142noletnich-pdf.jpg","width":1058,"height":1497,"mime_type":"application\/pdf","source_url":"https:\/\/www.stageproduction.pl\/wp-content\/uploads\/2020\/09\/Zgoda-dla-os\u00f3b-niepe\u0142noletnich-pdf.jpg"}}},"post":null,"source_url":"https:\/\/www.stageproduction.pl\/wp-content\/uploads\/2020\/09\/Zgoda-dla-os\u00f3b-niepe\u0142noletnich.pdf","_links":{"self":[{"href":"https:\/\/www.stageproduction.pl\/en\/wp-json\/wp\/v2\/media\/3081","targetHints":{"allow":["GET"]}}],"collection":[{"href":"https:\/\/www.stageproduction.pl\/en\/wp-json\/wp\/v2\/media"}],"about":[{"href":"https:\/\/www.stageproduction.pl\/en\/wp-json\/wp\/v2\/types\/attachment"}],"author":[{"embeddable":true,"href":"https:\/\/www.stageproduction.pl\/en\/wp-json\/wp\/v2\/users\/2"}],"replies":[{"embeddable":true,"href":"https:\/\/www.stageproduction.pl\/en\/wp-json\/wp\/v2\/comments?post=3081"}]}}

https://www.stageproduction.pl/wp-content/uploads/2020/09/Zgoda-dla-osób-niepełnoletnich.pdf

Zgoda dla osób niepełnoletnich

<p class="attachment"><a href='https://www.stageproduction.pl/wp-content/uploads/2020/09/Zgoda-dla-osób-niepełnoletnich.pdf'><img loading="lazy" decoding="async" width="452" height="640" src="https://www.stageproduction.pl/wp-content/uploads/2020/09/Zgoda-dla-osób-niepełnoletnich-pdf-452x640.jpg" class="attachment-medium size-medium" alt="" /></a></p>

Zgoda-dla-osób-niepełnoletnich-pdf-283x400.jpg

https://www.stageproduction.pl/wp-content/uploads/2020/09/Zgoda-dla-osób-niepełnoletnich-pdf-283x400.jpg

Zgoda-dla-osób-niepełnoletnich-pdf-452x640.jpg

https://www.stageproduction.pl/wp-content/uploads/2020/09/Zgoda-dla-osób-niepełnoletnich-pdf-452x640.jpg

Zgoda-dla-osób-niepełnoletnich-pdf-678x960.jpg

https://www.stageproduction.pl/wp-content/uploads/2020/09/Zgoda-dla-osób-niepełnoletnich-pdf-678x960.jpg

Zgoda-dla-osób-niepełnoletnich-pdf.jpg

https://www.stageproduction.pl/wp-content/uploads/2020/09/Zgoda-dla-osób-niepełnoletnich-pdf.jpg
